ided by 17.
10
What is the remainder when 234 is divided by 59?
57
What is the remainder when 292 is divided by 98?
96
Calculate the remainder when 2278 is divided by 19.
17
What is the remainder when 324 is divided by 105?
9
What is the remainder when 105 is divided by 27?
24
What is the remainder when 69 is divided by 52?
17
What is the remainder when 11086 is divided by 24?
22
Calculate the remainder when 1577 is divided by 17.
13
What is the remainder when 157 is divided by 25?
7
Calculate the remainder when 272 is divided by 31.
24
What is the remainder when 815 is divided by 82?
77
What is the remainder when 2511 is divided by 194?
183
Calculate the remainder when 102 is divided by 7.
4
What is the remainder when 101 is divided by 90?
11
Calculate the remainder when 25801 is divided by 47.
45
Calculate the remainder when 339 is divided by 32.
19
Calculate the remainder when 92 is divided by 27.
11
Calculate the remainder when 1482 is divided by 18.
6
What is the remainder when 145 is divided by 47?
4
What is the remainder when 18 is divided by 10?
8
Calculate the remainder when 4688 is divided by 7.
5
Calculate the remainder when 184 is divided by 59.
7
Calculate the remainder when 82 is divided by 45.
37
What is the remainder when 83 is divided by 18?
11
Calculate the remainder when 393 is divided by 100.
93
Calculate the remainder when 131 is divided by 47.
37
Calculate the remainder when 15 is divided by 8.
7
What is the remainder when 2311 is divided by 21?
1
Calculate the remainder when 171 is divided by 50.
21
What is the remainder when 156 is divided by 120?
36
What is the remainder when 6697 is divided by 231?
229
Calculate the remainder when 819 is divided by 69.
60
Calculate the remainder when 72 is divided by 19.
15
What is the remainder when 24 is divided by 20?
4
Calculate the remainder when 100 is divided by 26.
22
Calculate the remainder when 581 is divided by 37.
26
Calculate the remainder when 201 is divided by 25.
1
What is the remainder when 8027 is divided by 365?
362
Calculate the remainder when 105 is divided by 27.
24
Calculate the remainder when 2553 is divided by 848.
9
Calculate the remainder when 278 is divided by 21.
5
What is the remainder when 666 is divided by 14?
8
Calculate the remainder when 1286 is divided by 117.
116
Calculate the remainder when 6716 is divided by 5.
1
What is the remainder when 150 is divided by 31?
26
Calculate the remainder when 176 is divided by 34.
6
Calculate the remainder when 39 is divided by 5.
4
Calculate the remainder when 1020 is divided by 297.
129
What is the remainder when 8190 is divided by 128?
126
Calculate the remainder when 642 is divided by 156.
18
Calculate the remainder when 357 is divided by 193.
164
What is the remainder when 10 is divided by 7?
3
What is the remainder when 191 is divided by 24?
23
What is the remainder when 629 is divided by 21?
20
Calculate the remainder when 1365 is divided by 229.
220
What is the remainder when 269 is divided by 50?
19
Calculate the remainder when 980 is divided by 45.
35
Calculate the remainder when 99 is divided by 43.
13
Calculate the remainder when 204 is divided by 23.
20
Calculate the remainder when 876 is divided by 16.
12
Calculate the remainder when 14 is divided by 3.
2
Calculate the remainder when 17 is divided by 8.
1
Calculate the remainder when 571 is divided by 41.
38
What is the remainder when 635 is divided by 166?
137
What is the remainder when 468 is divided by 11?
6
Calculate the remainder when 3040 is divided by 26.
24
What is the remainder when 16 is divided by 1?
0
What is the remainder when 1553 is divided by 21?
20
What is the remainder when 4703 is divided by 13?
10
What is the remainder when 23 is divided by 18?
5
Calculate the remainder when 195 is divided by 9.
6
What is the remainder when 697 is divided by 20?
17
Calculate the remainder when 311 is divided by 158.
153
Calculate the remainder when 656 is divided by 14.
12
What is the remainder when 68508 is divided by 13?
11
Calculate the remainder when 167 is divided by 5.
2
Calculate the remainder when 299 is divided by 40.
19
Calculate the remainder when 144 is divided by 51.
42
Calculate the remainder when 195 is divided by 32.
3
What is the remainder when 322 is divided by 58?
32
What is the remainder when 186 is divided by 56?
18
Calculate the remainder when 159 is divided by 40.
39
Calculate the remainder when 71 is divided by 8.
7
Calculate the remainder when 4106 is divided by 79.
77
Calculate the remainder when 1321 is divided by 63.
61
What is the remainder when 102 is divided by 21?
18
What is the remainder when 1175 is divided by 236?
231
What is the remainder when 473 is divided by 15?
8
Calculate the remainder when 82 is divided by 8.
2
What is the remainder when 16444 is divided by 55?
54
Calculate the remainder when 6157 is divided by 39.
34
Calculate the remainder when 262 is divided by 44.
42
What is the remainder when 164 is divided by 57?
50
What is the remainder when 210 is divided by 74?
62
Calculate the remainder when 97 is divided by 96.
1
What is the remainder when 30 is divided by 24?
6
Calculate the remainder when 32 is divided by 18.
14
Calculate the remainder when 206 is divided by 85.
36
What is the remainder when 20597 is divided by 63?
59
Calculate the remainder when 272 is divided by 119.
34
What is the remainder when 173 is divided by 90?
83
What is the remainder when 335 is divided by 173?
162
What is the remainder when 6027 is divided by 26?
21
What is the remainder when 1301 is divided by 31?
30
Calculate the remainder when 10878 is divided by 279.
276
What is the remainder when 742 is divided by 239?
25
What is the remainder when 287 is divided by 12?
11
What is the remainder when 163 is divided by 49?
16
What is the remainder when 68 is divided by 22?
2
Calculate the remainder when 1219 is divided by 338.
205
What is the remainder when 290 is divided by 40?
10
Calculate the remainder when 2036 is divided by 51.
47
What is the remainder when 128 is divided by 37?
17
What is the remainder when 239 is divided by 8?
7
What is the remainder when 100 is divided by 6?
4
What is the remainder when 242 is divided by 235?
7
Calculate the remainder when 33 is divided by 9.
6
Calculate the remainder when 20 is divided by 13.
7
Calculate the remainder when 821 is divided by 209.
194
What is the remainder when 99 is divided by 15?
9
Calculate the remainder when 49 is divided by 36.
13
Calculate the remainder when 238 is divided by 20.
18
What is the remainder when 120 is divided by 4?
0
What is the remainder when 270 is divided by 68?
66
Calculate the remainder when 499 is divided by 135.
94
Calculate the remainder when 126 is divided by 33.
27
Calculate the remainder when 69 is divided by 8.
5
What is the remainder when 200 is divided by 27?
11
What is the remainder when 79 is divided by 21?
16
Calculate the remainder when 22 is divided by 13.
9
Calculate the remainder when 4618 is divided by 12.
10
What is the remainder when 152 is divided by 21?
5
What is the remainder when 4 is divided by 1?
0
What is the remainder when 224 is divided by 4?
0
Calculate the remainder when 908 is divided by 10.
8
What is the remainder when 75 is divided by 72?
3
Calculate the remainder when 55 is divided by 34.
21
What is the remainder when 475 is divided by 39?
7
What is the remainder when 1844 is divided by 14?
10
What is the remainder when 815 is divided by 34?
33
Calculate the remainder when 1615 is divided by 50.
15
What is the remainder when 2170 is divided by 64?
58
What is the remainder when 940 is divided by 23?
20
Calculate the remainder when 945 is divided by 20.
5
What is the remainder when 13534 is divided by 32?
30
What is the remainder when 2542 is divided by 358?
36
Calculate the remainder when 1764 is divided by 7.
0
Calculate the remainder when 841 is divided by 18.
13
What is the remainder when 72 is divided by 44?
28
What is the remainder when 8357 is divided by 13?
11
What is the remainder when 127 is divided by 45?
37
What is the remainder when 118 is divided by 24?
22
What is the remainder when 328 is divided by 7?
6
Calculate the remainder when 8472 is divided by 265.
257
What is the remainder when 302 is 